uppose -31843 = -45*q + 48707. Calculate the greatest common divisor of q and 50.
10
Let s = -12490 - -16429. What is the greatest common divisor of 156 and s?
39
Let t(f) = 8*f**2 - 3*f - 2. Let s be t(-2). Suppose 59*z = 53*z - 588. Let n = -86 - z. Calculate the highest common factor of n and s.
12
Let v be 129*(2516/102 + 1/3). Calculate the greatest common divisor of v and 1161.
129
Let g(n) = -n**2 - 9*n. Let t = 18 + -23. Let b be g(t). Let f be ((-170)/51)/(-2 + 17/9). Calculate the greatest common factor of f and b.
10
Let j be (-12)/4 + -25*(13 - 16). Let u be 0 - (-313 - 0) - -1. Let n = -134 + u. What is the highest common divisor of j and n?
36
Let p = -74 + 74. Suppose p = -101*z + 103*z - 20. Let g be (1 - -2) + 122*5/z. Calculate the highest common factor of 32 and g.
32
Suppose -31*f + 19572 = 218*f - 16*f. Calculate the highest common divisor of f and 13020.
84
Let k(p) = 26*p**2 + 69*p - 52. Let t be k(-4). Calculate the highest common divisor of 1364 and t.
44
Suppose 2*t = 2*y + 16, -t - 4*y - 7 = -0. Suppose -3*z + t*v + 94 = -96, 2*v - 296 = -5*z. Calculate the greatest common factor of z and 20.
20
Let z be (-1 + 2)*-30 - (2 + -2). Let t be 3/5*(-550)/z. Calculate the greatest common divisor of 517 and t.
11
Suppose 2*h = h + 14. Let b = 23 - h. What is the highest common divisor of 15 and b?
3
Let c be ((-10 - -6) + 8)*-2 - -56. What is the greatest common divisor of 474 and c?
6
Let l(u) = -40*u**2 - u + 8. Let y be l(3). Let p = 382 + y. Calculate the greatest common divisor of 18 and p.
9
Let g = -82 + 87. Let h be g - (-3 + 9 + -50). Calculate the greatest common factor of 21 and h.
7
Let g be (-2077)/(-2) + (-6318)/972. Calculate the highest common factor of 1419 and g.
129
Let b(s) = -2*s**2 - 21*s + 1852. Let d be b(-36). What is the highest common factor of d and 848?
16
Let x = 113 + -66. Let y = 63680 + -63445. What is the greatest common divisor of y and x?
47
Suppose -4*i + 3*h = -781, -5*h - 3 + 8 = 0. What is the greatest common factor of 49 and i?
49
Suppose 37*w - 1890 = 10*w. Suppose 8*i = 3*i + 280. Suppose -i - w = -6*u. Calculate the greatest common divisor of u and 3.
3
Suppose 45*y + 209 = 56*y. Suppose 13*u - y*u + 966 = 0. Calculate the greatest common divisor of 23 and u.
23
Suppose -3*s + 18 = -23*q + 24*q, -17 = -4*s + q. Suppose 6*d + 194 = 1784. What is the greatest common factor of d and s?
5
Let c = -37 - -37. Let u(d) = -2*d**2 + 2*d + 68 + 0*d - 3*d. Let o be u(c). Calculate the greatest common factor of 170 and o.
34
Let g(s) = -46*s**3 + 45*s**3 + 7*s + 0*s - 2*s + 6 + 9*s - 7*s**2. Let y be g(-9). Calculate the highest common divisor of y and 90.
6
Suppose 3*y + 0*y = -5*r + 7, 2*r = -2. Let f(d) = -4*d + 17. Let h be f(y). Let q be (-22)/(-33)*h*6. What is the highest common divisor of q and 8?
4
Let t(a) = -2*a**2 + 124*a - 346. Let f be t(59). What is the highest common divisor of f and 284?
4
Suppose -15 = -3*f, -3*f + 8 = 5*g - 97. Let p = -191 + 193. Suppose 3 = k + l - 7, -p*l - 16 = -4*k. Calculate the highest common divisor of k and g.
6
Let r(t) = 28*t - 724. Let h be r(30). What is the greatest common divisor of h and 7830?
58
Let y be (-600)/(-23) - (-14)/(-161). Let u(x) = -x**2 + 4*x - 2. Let c be u(7). Let a = y + c. Calculate the highest common divisor of a and 27.
3
Let l = 67 - 65. Suppose l*q - 3*d = 71, 3*q - 90 + 21 = -3*d. Let v be (q - 2)/((-25)/(-5) - 3). What is the greatest common divisor of v and 91?
13
Suppose 0 = -3*i - 16*x + 39 - 36, i + 5*x - 1 = 0. What is the greatest common factor of 316 and i?
1
Suppose -4 = -4*b - 4*m, -3*m - 2 = 4*b - 8. Suppose l = -t + 2, l + b*t - 16 = -14. Calculate the greatest common divisor of l and 5.
1
Let o = 5774 - -4360. Calculate the highest common divisor of o and 18.
18
Suppose 5*p - 96 = 2*l, 66 = 5*p - p + 2*l. Let z be 42*(-18 - -16)/(-5 - (-10 - -11)). Calculate the highest common factor of p and z.
2
Let k(c) = -c**3 - 16*c**2 - 16*c - 19. Let g be k(-15). Let u be (g/20*2)/((-2)/35). Calculate the highest common factor of u and 119.
7
Let h be (-34)/119 + ((-10)/14 - -1). Suppose 0 = -3*v + 2*f + 210, h = -3*v + 3*f + 81 + 126. What is the highest common factor of 32 and v?
8
Let u be 39 - (2 - 85/20)*(-32)/24. Calculate the greatest common factor of u and 22302.
18
Let u be ((-3)/5 - 9/(-15))/1. Suppose -3*x - 3*o + 105 = u, 20*x - 163 = 15*x - o. Calculate the greatest common divisor of x and 24.
8
Let j(h) = 4*h**2. Let t(q) = 110*q**2 + 13*q - 11. Let r(x) = 3*j(x) + t(x). Let p be r(1). Calculate the highest common factor of p and 31.
31
Suppose 5*u - 545 = 10*u. Let t = -579 + 773. Let h = t + u. What is the greatest common divisor of h and 17?
17
Suppose -7*w + 5*w = 3*n - 31171, 4*n - 41608 = 4*w. What is the highest common divisor of 1323 and n?
189
Let h be (-11)/(1573/(-924))*13. Calculate the greatest common factor of h and 9156.
84
Let q be (-24)/((-7)/140 + 0). Let y(k) = 14*k**2 + 5*k - 4. Let u be y(1). Calculate the highest common factor of u and q.
15
Suppose -1016 = -3*a + 50*l - 51*l, 2*l + 672 = 2*a. Let t = 37 + -11. Calculate the greatest common divisor of a and t.
26
Let n(c) = 33*c + 803. Let z be n(-24). Calculate the highest common divisor of z and 2321.
11
Suppose -5*z = -3*s - 151, -5*z + 157 = -s - 0*s. Let x be 12/(-4 - -8) - -93. Suppose x - 864 = -3*n. What is the greatest common factor of z and n?
32
Let w be (-3)/(-24) - (-117)/24. Suppose -m + 359 = w*c, 1091 = 3*m + 6*c - 5*c. Let h be (m + 2)/3 - (2 - 5). What is the greatest common factor of h and 50?
25
Let t be 340494/5324 - (-1)/22. Calculate the highest common divisor of t and 20.
4
Suppose 2*f - 84 = 3*b, 9*f = 14*f + 5*b - 260. What is the highest common factor of 15 and f?
3
Let h = 36416 - 29906. Calculate the greatest common divisor of h and 126.
42
Let z be 84*(63/(-7) + 18 + -2). Calculate the highest common factor of z and 504.
84
Suppose 3*u - 3*i = 2*u + 88, -458 = -5*u - 3*i. Suppose 163*x - 49626 = -172*x + 72314. What is the highest common factor of x and u?
91
Suppose -5*b = -2*w + 8, 3*w + 4 + 3 = -2*b. Let l be 18/63*(-217)/b. What is the highest common factor of l and 1?
1
Let o(y) = -y**3 + 5*y**2 - 6*y + 10. Let p be o(4). Suppose -2*b + 13*n - 10*n = -65, -2*b + p*n + 66 = 0. Calculate the greatest common divisor of b and 153.
17
Suppose -4*x + 435 = y, -2*x + 4*y + 44 = -196. Calculate the highest common factor of x and 2145.
55
Let u = -613 + 302. Let c = u + 347. What is the highest common factor of c and 8?
4
Let v be (8/(1 - 0))/((-8)/(-24)). Let m be 3/(v/1052) - (-1)/2. Suppose -4*w + g + 44 = 0, g + 36 = 4*w - 2*g. What is the highest common factor of m and w?
12
Let h = -24 + 34. Suppose -4*s - h = 4*k + 10, -s + 19 = -3*k. Let m(n) = -n - 4. Let i be m(k). Calculate the highest common divisor of 4 and i.
2
Let a(u) = -72*u - 1208. Let f be a(-21). Calculate the greatest common factor of f and 7144.
152
Let t = -20147 + 20243. Calculate the highest common divisor of t and 1650.
6
Let c(l) = -112 - 56 - 43*l + 5*l**2 + l**2 + 7 - 4*l**2. Let m be c(37). What is the highest common divisor of 58 and m?
58
Let g(h) = -72*h - 5. Let m be g(-1). Suppose -r = -2*q - 81 - m, 2*r + q = 311. Calculate the greatest common factor of 385 and r.
77
Let d(a) = a**2 - 44. Let w be d(8). Calculate the highest common factor of w and 135.
5
Let k(y) = -y**3 + 11*y**2 + 7*y + 6. Let r be k(11). Suppose -85*l = -r*l - 24. What is the greatest common divisor of l and 552?
12
Suppose -2*f - 72 = -468. Let g = -5770 + 5792. Calculate the greatest common divisor of g and f.
22
Let v = 17 + 8. Suppose -47 = -6*a + v. Let j be -3 - (a - 0)*-1. What is the highest common divisor of 27 and j?
9
Let g(m) be the first derivative of 7*m**2/2 + 28*m + 11. Let z be g(-9). Let c = 47 + z. Calculate the greatest common factor of c and 204.
12
Let q be 1 + 4 + (0 - 2) + -1. Suppose 5 = -b + 4*l - 1, -q = b - 2*l. Let o be (b - (1 + -69)) + 2. Calculate the greatest common factor of o and 8.
8
Let c(q) = 1 + 562*q + q**3 - 7*q**2 - 1121*q + 569*q + 1. Let j be c(5). Calculate the highest common factor of j and 17.
1
Let u = -54 - -68. Let r = -64 + u. Let l = r - -60. What is the highest common divisor of 2 and l?
2
Let 